remainder when 1593 is divided by 173.
36
What is the remainder when 165 is divided by 52?
9
Calculate the remainder when 17 is divided by 4.
1
Calculate the remainder when 21 is divided by 19.
2
Calculate the remainder when 488 is divided by 49.
47
What is the remainder when 117 is divided by 17?
15
What is the remainder when 103 is divided by 13?
12
What is the remainder when 164 is divided by 32?
4
What is the remainder when 104 is divided by 22?
16
Calculate the remainder when 142 is divided by 35.
2
Calculate the remainder when 13489 is divided by 34.
25
What is the remainder when 45411 is divided by 9?
6
Calculate the remainder when 509 is divided by 417.
92
What is the remainder when 76 is divided by 21?
13
Calculate the remainder when 3447 is divided by 11.
4
What is the remainder when 141 is divided by 60?
21
Calculate the remainder when 12 is divided by 5.
2
What is the remainder when 1041 is divided by 95?
91
Calculate the remainder when 162 is divided by 42.
36
Calculate the remainder when 5920 is divided by 126.
124
Calculate the remainder when 54 is divided by 6.
0
What is the remainder when 74 is divided by 65?
9
Calculate the remainder when 76 is divided by 7.
6
Calculate the remainder when 4527 is divided by 85.
22
What is the remainder when 11673 is divided by 29?
15
Calculate the remainder when 2473 is divided by 165.
163
What is the remainder when 553 is divided by 44?
25
Calculate the remainder when 33193 is divided by 14.
13
What is the remainder when 236 is divided by 37?
14
What is the remainder when 1471 is divided by 46?
45
What is the remainder when 1813 is divided by 20?
13
What is the remainder when 750 is divided by 27?
21
Calculate the remainder when 2099 is divided by 2088.
11
What is the remainder when 12 is divided by 11?
1
What is the remainder when 4605 is divided by 16?
13
Calculate the remainder when 165 is divided by 14.
11
What is the remainder when 24 is divided by 9?
6
Calculate the remainder when 635 is divided by 12.
11
What is the remainder when 20 is divided by 8?
4
What is the remainder when 1293 is divided by 27?
24
Calculate the remainder when 413 is divided by 29.
7
Calculate the remainder when 1424 is divided by 69.
44
What is the remainder when 1152 is divided by 363?
63
What is the remainder when 4997 is divided by 25?
22
Calculate the remainder when 11149 is divided by 177.
175
Calculate the remainder when 72 is divided by 44.
28
Calculate the remainder when 424 is divided by 32.
8
What is the remainder when 539 is divided by 60?
59
Calculate the remainder when 117 is divided by 40.
37
What is the remainder when 7809 is divided by 61?
1
Calculate the remainder when 320 is divided by 22.
12
Calculate the remainder when 79 is divided by 34.
11
What is the remainder when 536 is divided by 390?
146
What is the remainder when 222 is divided by 14?
12
Calculate the remainder when 3079 is divided by 67.
64
Calculate the remainder when 265 is divided by 60.
25
What is the remainder when 479 is divided by 80?
79
Calculate the remainder when 5335 is divided by 6.
1
Calculate the remainder when 477 is divided by 50.
27
What is the remainder when 163 is divided by 15?
13
Calculate the remainder when 1771 is divided by 22.
11
Calculate the remainder when 149 is divided by 147.
2
What is the remainder when 154 is divided by 30?
4
Calculate the remainder when 2477 is divided by 27.
20
Calculate the remainder when 62 is divided by 23.
16
What is the remainder when 199 is divided by 20?
19
What is the remainder when 637 is divided by 11?
10
Calculate the remainder when 478 is divided by 32.
30
What is the remainder when 873 is divided by 217?
5
Calculate the remainder when 1660 is divided by 16.
12
What is the remainder when 214 is divided by 211?
3
What is the remainder when 239 is divided by 30?
29
Calculate the remainder when 74 is divided by 38.
36
What is the remainder when 1121 is divided by 42?
29
What is the remainder when 253 is divided by 4?
1
What is the remainder when 1389 is divided by 87?
84
Calculate the remainder when 137 is divided by 20.
17
What is the remainder when 660 is divided by 35?
30
Calculate the remainder when 2687 is divided by 225.
212
Calculate the remainder when 562 is divided by 97.
77
What is the remainder when 166 is divided by 17?
13
Calculate the remainder when 1621 is divided by 65.
61
Calculate the remainder when 13 is divided by 3.
1
What is the remainder when 130 is divided by 27?
22
Calculate the remainder when 7199 is divided by 19.
17
Calculate the remainder when 121 is divided by 86.
35
Calculate the remainder when 1877 is divided by 57.
53
Calculate the remainder when 1835 is divided by 34.
33
Calculate the remainder when 799 is divided by 197.
11
Calculate the remainder when 82 is divided by 34.
14
Calculate the remainder when 573 is divided by 82.
81
Calculate the remainder when 5073 is divided by 59.
58
Calculate the remainder when 697 is divided by 29.
1
Calculate the remainder when 267 is divided by 27.
24
Calculate the remainder when 937 is divided by 51.
19
What is the remainder when 7368 is divided by 6?
0
What is the remainder when 308 is divided by 215?
93
What is the remainder when 148 is divided by 81?
67
What is the remainder when 55 is divided by 29?
26
Calculate the remainder when 200 is divided by 55.
35
What is the remainder when 541 is divided by 32?
29
Calculate the remainder when 432 is divided by 5.
2
Calculate the remainder when 152 is divided by 16.
8
Calculate the remainder when 96 is divided by 11.
8
Calculate the remainder when 363 is divided by 114.
21
Calculate the remainder when 589 is divided by 99.
94
Calculate the remainder when 205 is divided by 61.
22
Calculate the remainder when 115 is divided by 25.
15
What is the remainder when 304 is divided by 77?
73
What is the remainder when 250 is divided by 12?
10
What is the remainder when 2174 is divided by 15?
14
Calculate the remainder when 6956 is divided by 116.
112
Calculate the remainder when 71 is divided by 13.
6
What is the remainder when 1223 is divided by 382?
77
What is the remainder when 138 is divided by 63?
12
What is the remainder when 313 is divided by 53?
48
Calculate the remainder when 1132 is divided by 32.
12
What is the remainder when 263 is divided by 173?
90
Calculate the remainder when 186 is divided by 5.
1
Calculate the remainder when 143 is divided by 6.
5
What is the remainder when 1170 is divided by 24?
18
What is the remainder when 68 is divided by 18?
14
Calculate the remainder when 587 is divided by 91.
41
What is the remainder when 45 is divided by 12?
9
What is the remainder when 61 is divided by 19?
4
What is the remainder when 123 is divided by 40?
3
What is the remainder when 1076 is divided by 83?
80
Calculate the remainder when 739 is divided by 57.
55
What is the remainder when 502 is divided by 403?
99
What is the remainder when 1726 is divided by 19?
16
What is the remainder when 1285 is divided by 264?
229
What is the remainder when 26 is divided by 11?
4
Calculate the remainder when 422 is divided by 160.
102
What is the remainder when 3538 is divided by 23?
19
Calculate the remainder when 5037 is divided by 194.
187
Calculate the remainder when 35 is divided by 9.
8
What is the remainder when 592 is divided by 53?
9
What is the remainder when 198 is divided by 11?
0
What is the remainder when 1174 is divided by 21?
19
Calculate the remainder when 4661 is divided by 931.
6
What is the remainder when 24089 is divided by 22?
21
Calculate the remainder when 113 is divided by 15.
8
What is the remainder when 486 is divided by 82?
76
What is the remainder when 22468 is divided by 15?
13
What is the remainder when 194 is divided by 41?
30
What is the remainder when 719 is divided by 189?
152
Calculate the remainder when 12961 is divided by 48.
1
Calculate the remainder when 226 is divided by 32.
2
Calculate the remainder when 77 is divided by 26.
25
What is the remainder when 2816 is divided by 10?
6
Calculate the remainder when 1697 is divided by 17.
14
What is the remainder when 89 is divided by 41?
7
Calculate the remainder when 507 is divided by 64.
59
Calculate the remainder when 11597 is divided by 8.
5
Calculate the remainder when 951